{"id":1959,"date":"2018-12-19T10:48:44","date_gmt":"2018-12-19T12:48:44","guid":{"rendered":"http:\/\/68.183.25.112\/?page_id=1959"},"modified":"2026-01-28T13:07:26","modified_gmt":"2026-01-28T13:07:26","slug":"legislacao","status":"publish","type":"page","link":"https:\/\/ipremaspasia.sp.gov.br\/index.php\/legislacao\/","title":{"rendered":"Legisla\u00e7\u00e3o"},"content":{"rendered":"<p>[vc_row][vc_column][vc_column_text]Conjunto das leis sobre determinada mat\u00e9ria:\u00a0<b>legisla\u00e7\u00e3o<\/b>\u00a0trabalhista. Totalidade das leis de um Estado, ou de algum dos ramos do Direito: a\u00a0<b>legisla\u00e7\u00e3o<\/b>\u00a0brasileira; a\u00a0<b>legisla\u00e7\u00e3o<\/b>\u00a0penal.<\/p>\n<p>[\/vc_column_text][vc_tta_accordion][vc_tta_section title=&#8221;Leis Complementares&#8221; tab_id=&#8221;1545224328831-15bfed7e-e580&#8243;]<div class=\"uavc-list-icon uavc-list-icon-wrapper ult-adjust-bottom-margin   vc_custom_1554813388479  vc_custom_1554813388479\"><ul class=\"uavc-list\"><li><div class=\"uavc-list-content\" id=\"list-icon-wrap-6279\"><span  data-ultimate-target='#list-icon-wrap-6279 .uavc-list-desc'  data-responsive-json-new='{\"font-size\":\"\",\"line-height\":\"\"}'  class=\"uavc-list-desc ult-responsive\" style=\"\"><a href=\"http:\/\/ipremaspasia.sp.gov.br\/wp-content\/uploads\/2026\/01\/15-1993-CRIACAO-DO-IPREM-ASSINADA.pdf\">15-1993 &#8211; CRIA\u00c7\u00c3O DO IPREM &#8211; ASSINADA<\/a><\/p>\n<p><a href=\"http:\/\/ipremaspasia.sp.gov.br\/wp-content\/uploads\/2026\/01\/61-2002-LEI.pdf\">61-2002 LEI<\/a><\/p>\n<p><a href=\"http:\/\/ipremaspasia.sp.gov.br\/wp-content\/uploads\/2026\/01\/096-2015-REESTRUTURACAO-DO-IPREM.pdf\">096-2015 &#8211; REESTRUTURA\u00c7\u00c3O DO IPREM<\/a><\/p>\n<p><a href=\"http:\/\/ipremaspasia.sp.gov.br\/wp-content\/uploads\/2026\/01\/708-2015-LEI-PARCELAMENTO.pdf\">708-2015 &#8211; LEI PARCELAMENTO<\/a><\/p>\n<p><a href=\"http:\/\/ipremaspasia.sp.gov.br\/wp-content\/uploads\/2026\/01\/715-2015-LEI-PARCELAMENTO.pdf\">715-2015 &#8211; LEI PARCELAMENTO<\/a><\/p>\n<p><a href=\"http:\/\/ipremaspasia.sp.gov.br\/wp-content\/uploads\/2026\/01\/731-2016-LEI-PARCELAMENTO.pdf\">731-2016 &#8211; LEI PARCELAMENTO<\/a><\/p>\n<p><a href=\"http:\/\/ipremaspasia.sp.gov.br\/wp-content\/uploads\/2026\/01\/780-2017-LEI-PARCELAMENTO.pdf\">780-2017 &#8211; LEI PARCELAMENTO<\/a><\/p>\n<p><a href=\"http:\/\/ipremaspasia.sp.gov.br\/wp-content\/uploads\/2026\/01\/104-2018-LEI-ALIQUOTAS.pdf\">104-2018 &#8211; LEI AL\u00cdQUOTAS<\/a><\/p>\n<p><a href=\"http:\/\/ipremaspasia.sp.gov.br\/wp-content\/uploads\/2026\/01\/105-2019-LEI-ALIQUOTAS.pdf\">105-2019 &#8211; LEI AL\u00cdQUOTAS<\/a><\/p>\n<p><a href=\"http:\/\/ipremaspasia.sp.gov.br\/wp-content\/uploads\/2026\/01\/870-2020-SINDICATO.pdf\">870-2020 &#8211; SINDICATO<\/a><\/p>\n<p><a href=\"http:\/\/ipremaspasia.sp.gov.br\/wp-content\/uploads\/2021\/10\/111-2021-LEI-ALIQUOTAS.pdf\">111-2021 &#8211; LEI AL\u00cdQUOTAS<\/a><\/p>\n<p><a href=\"http:\/\/ipremaspasia.sp.gov.br\/wp-content\/uploads\/2026\/01\/112-2021-LEI-BENEFICIOS-PREVIDENCIARIOS.pdf\">112-2021 &#8211; LEI BENEFICIOS PREVIDENCI\u00c1RIOS<\/a><\/p>\n<p><a href=\"http:\/\/ipremaspasia.sp.gov.br\/wp-content\/uploads\/2026\/01\/113-2021-LEI-RESERVA-DESPESA-ADMINISTRATIVA.pdf\">113-2021 &#8211; LEI RESERVA DESPESA ADMINISTRATIVA<\/a><\/p>\n<p><a href=\"http:\/\/ipremaspasia.sp.gov.br\/wp-content\/uploads\/2026\/01\/889-2021-LEI-SUPLEMENTACAO-DO-ORCAMENTO.pdf\">889-2021 &#8211; LEI SUPLEMENTA\u00c7\u00c3O DO OR\u00c7AMENTO<\/a><\/p>\n<p><a href=\"http:\/\/ipremaspasia.sp.gov.br\/wp-content\/uploads\/2026\/01\/116-2021-LEI-PREVIDENCIA-COMPLEMENTAR.pdf\">116-2021 &#8211; LEI PREVID\u00caNCIA COMPLEMENTAR<\/a><\/p>\n<p><a href=\"http:\/\/ipremaspasia.sp.gov.br\/wp-content\/uploads\/2022\/07\/117-2022-LEI-ALIQUOTAS.pdf\">117-2022 &#8211; LEI AL\u00cdQUOTAS<\/a><\/p>\n<p><a href=\"http:\/\/ipremaspasia.sp.gov.br\/wp-content\/uploads\/2026\/01\/119-2022-REESTRUTURACAO.pdf\">119-2022 &#8211; REESTRUTURA\u00c7\u00c3O<\/a><\/p>\n<p><a href=\"http:\/\/ipremaspasia.sp.gov.br\/wp-content\/uploads\/2026\/01\/917-2022-JETON-IPREM.pdf\">917-2022 JETON IPREM<\/a><\/p>\n<p><a href=\"http:\/\/ipremaspasia.sp.gov.br\/wp-content\/uploads\/2026\/01\/938-2022-ALTERACAO-DAS-GRATIFICACOES.pdf\">938-2022 &#8211; ALTERA\u00c7\u00c3O DAS GRATIFICA\u00c7\u00d5ES<\/a><\/p>\n<p><a href=\"http:\/\/ipremaspasia.sp.gov.br\/wp-content\/uploads\/2026\/01\/121-2023-LEI-ALIQUOTAS.pdf\">121-2023 &#8211; LEI AL\u00cdQUOTAS<\/a><\/p>\n<p><a href=\"http:\/\/ipremaspasia.sp.gov.br\/wp-content\/uploads\/2026\/01\/950-2023-LEI-CONSIGNADOS.pdf\">950-2023 &#8211; LEI CONSIGNADOS<\/a><\/p>\n<p><a href=\"http:\/\/ipremaspasia.sp.gov.br\/wp-content\/uploads\/2024\/06\/129-2024-LEI-ALIQUOTAS.pdf\">129-2024 &#8211; LEI AL\u00cdQUOTAS<\/a><\/p>\n<p><a href=\"http:\/\/ipremaspasia.sp.gov.br\/wp-content\/uploads\/2024\/06\/987-2024-LEI-PARCELAMENTO.pdf\">987-2024 &#8211; LEI PARCELAMENTO<\/a><\/p>\n<p><a href=\"http:\/\/ipremaspasia.sp.gov.br\/wp-content\/uploads\/2024\/07\/129-2024-LEI-ALIQUOTAS.pdf\">129-2024 &#8211; LEI AL\u00cdQUOTAS<\/a><\/p>\n<p><a href=\"http:\/\/ipremaspasia.sp.gov.br\/wp-content\/uploads\/2026\/01\/991-2024-ESTATUTO-DOS-SERVIDORES.pdf\">991-2024 &#8211; ESTATUTO DOS SERVIDORES<\/a><\/span><\/div><\/li><\/ul><\/div>[\/vc_tta_section][\/vc_tta_accordion][\/vc_column][\/vc_row]<\/p>\n","protected":false},"excerpt":{"rendered":"<p>[vc_row][vc_column][vc_column_text]Conjunto das leis sobre determinada mat\u00e9ria:\u00a0legisla\u00e7\u00e3o\u00a0trabalhista. Totalidade das leis de um Estado, ou de algum dos ramos do Direito: a\u00a0legisla\u00e7\u00e3o\u00a0brasileira; a\u00a0legisla\u00e7\u00e3o\u00a0penal. [\/vc_column_text][vc_tta_accordion][vc_tta_section title=&#8221;Leis Complementares&#8221; tab_id=&#8221;1545224328831-15bfed7e-e580&#8243;][\/vc_tta_section][\/vc_tta_accordion][\/vc_column][\/vc_row]<\/p>\n","protected":false},"author":1,"featured_media":0,"parent":0,"menu_order":0,"comment_status":"closed","ping_status":"closed","template":"","meta":{"_monsterinsights_skip_tracking":false,"_monsterinsights_sitenote_active":false,"_monsterinsights_sitenote_note":"","_monsterinsights_sitenote_category":0},"_links":{"self":[{"href":"https:\/\/ipremaspasia.sp.gov.br\/index.php\/wp-json\/wp\/v2\/pages\/1959"}],"collection":[{"href":"https:\/\/ipremaspasia.sp.gov.br\/index.php\/wp-json\/wp\/v2\/pages"}],"about":[{"href":"https:\/\/ipremaspasia.sp.gov.br\/index.php\/wp-json\/wp\/v2\/types\/page"}],"author":[{"embeddable":true,"href":"https:\/\/ipremaspasia.sp.gov.br\/index.php\/wp-json\/wp\/v2\/users\/1"}],"replies":[{"embeddable":true,"href":"https:\/\/ipremaspasia.sp.gov.br\/index.php\/wp-json\/wp\/v2\/comments?post=1959"}],"version-history":[{"count":17,"href":"https:\/\/ipremaspasia.sp.gov.br\/index.php\/wp-json\/wp\/v2\/pages\/1959\/revisions"}],"predecessor-version":[{"id":5481,"href":"https:\/\/ipremaspasia.sp.gov.br\/index.php\/wp-json\/wp\/v2\/pages\/1959\/revisions\/5481"}],"wp:attachment":[{"href":"https:\/\/ipremaspasia.sp.gov.br\/index.php\/wp-json\/wp\/v2\/media?parent=1959"}],"curies":[{"name":"wp","href":"https:\/\/api.w.org\/{rel}","templated":true}]}}