{"id":4100,"date":"2021-09-08T23:12:15","date_gmt":"2021-09-08T23:12:15","guid":{"rendered":"https:\/\/ipremaspasia.sp.gov.br\/?page_id=4100"},"modified":"2026-03-17T16:28:49","modified_gmt":"2026-03-17T16:28:49","slug":"homologacao","status":"publish","type":"page","link":"https:\/\/ipremaspasia.sp.gov.br\/index.php\/homologacao\/","title":{"rendered":"HOMOLOGA\u00c7\u00c3O"},"content":{"rendered":"<p>[vc_row][vc_column][vc_column_text]O que \u00e9\u00a0<b>homologa\u00e7\u00e3o<\/b>? Em um contexto geral,\u00a0<b>homologa\u00e7\u00e3o<\/b>\u00a0(o ato de\u00a0<b>homologar<\/b>), tem a ver com a comprova\u00e7\u00e3o de um ato oficial. O termo \u00e9 relacionado \u00e0 \u00e1rea jur\u00eddica e usa-se, por exemplo, em auditorias para aprovar ou confirmar a valida\u00e7\u00e3o de erros identificados no processo.[\/vc_column_text][vc_tta_tabs][vc_tta_section i_icon_fontawesome=&#8221;fas fa-cloud-download-alt&#8221; add_icon=&#8221;true&#8221; title=&#8221;2026&#8243; tab_id=&#8221;1554814828143-c63e11bb-b1f2&#8243;]<div class=\"uavc-list-icon uavc-list-icon-wrapper ult-adjust-bottom-margin   vc_custom_1623332436194  vc_custom_1623332436194\"><ul class=\"uavc-list\"><li><div class=\"uavc-list-content\" id=\"list-icon-wrap-3747\">\n<div class=\"uavc-list-icon  \" data-animation=\"\" data-animation-delay=\"03\" style=\"margin-right:5px;\"><div class=\"ult-just-icon-wrapper  \"><div class=\"align-icon\" style=\"text-align:center;\">\n<div class=\"aio-icon-img \" style=\"font-size:20px;display:inline-block;\" >\n\t<img class=\"img-icon\" alt=\"null\" src=\"https:\/\/ipremaspasia.sp.gov.br\/wp-content\/uploads\/2021\/09\/o-icone-do-pdf-simbolo-do-formato-de-arquivo-liso-79378926.jpg\"\/>\n<\/div><\/div><\/div>\n<\/div><span  data-ultimate-target='#list-icon-wrap-3747 .uavc-list-desc'  data-responsive-json-new='{\"font-size\":\"\",\"line-height\":\"\"}'  class=\"uavc-list-desc ult-responsive\" style=\"\"><a href=\"http:\/\/ipremaspasia.sp.gov.br\/wp-content\/uploads\/2026\/02\/Adjudicacao-e-homologacao-Dispensa-001-2026.pdf\">Adjudica\u00e7\u00e3o e homologa\u00e7\u00e3o &#8211; Dispensa 001-2026<\/a><\/p>\n<p><a href=\"http:\/\/ipremaspasia.sp.gov.br\/wp-content\/uploads\/2026\/03\/Adjudicacao-e-homologacao-Dispensa-002-2026.pdf\">Adjudica\u00e7\u00e3o e homologa\u00e7\u00e3o &#8211; Dispensa 002-2026<\/a><\/span><\/div><\/li><\/ul><\/div>[\/vc_tta_section][vc_tta_section i_icon_fontawesome=&#8221;fas fa-cloud-download-alt&#8221; add_icon=&#8221;true&#8221; title=&#8221;2025&#8243; tab_id=&#8221;1770638973098-a27c65c4-3180&#8243;]<div class=\"uavc-list-icon uavc-list-icon-wrapper ult-adjust-bottom-margin   vc_custom_1623332436194  vc_custom_1623332436194\"><ul class=\"uavc-list\"><li><div class=\"uavc-list-content\" id=\"list-icon-wrap-3346\">\n<div class=\"uavc-list-icon  \" data-animation=\"\" data-animation-delay=\"03\" style=\"margin-right:5px;\"><div class=\"ult-just-icon-wrapper  \"><div class=\"align-icon\" style=\"text-align:center;\">\n<div class=\"aio-icon-img \" style=\"font-size:20px;display:inline-block;\" >\n\t<img class=\"img-icon\" alt=\"null\" src=\"https:\/\/ipremaspasia.sp.gov.br\/wp-content\/uploads\/2021\/09\/o-icone-do-pdf-simbolo-do-formato-de-arquivo-liso-79378926.jpg\"\/>\n<\/div><\/div><\/div>\n<\/div><span  data-ultimate-target='#list-icon-wrap-3346 .uavc-list-desc'  data-responsive-json-new='{\"font-size\":\"\",\"line-height\":\"\"}'  class=\"uavc-list-desc ult-responsive\" style=\"\"><a href=\"http:\/\/ipremaspasia.sp.gov.br\/wp-content\/uploads\/2025\/04\/Adjudicacao-e-homologacao-Dispensa-001-2025.pdf\">Adjudica\u00e7\u00e3o e homologa\u00e7\u00e3o &#8211; Dispensa 001-2025<\/a><\/p>\n<p><a href=\"http:\/\/ipremaspasia.sp.gov.br\/wp-content\/uploads\/2025\/04\/Adjudicacao-e-homologacao-Dispensa-002-2025.pdf\">Adjudica\u00e7\u00e3o e homologa\u00e7\u00e3o &#8211; Dispensa 002-2025<\/a><\/p>\n<p><a href=\"http:\/\/ipremaspasia.sp.gov.br\/wp-content\/uploads\/2025\/09\/Adjudicacao-e-homologacao-Dispensa-003-2025.pdf\">Adjudica\u00e7\u00e3o e homologa\u00e7\u00e3o &#8211; Dispensa 003-2025<\/a><\/span><\/div><\/li><\/ul><\/div>[\/vc_tta_section][vc_tta_section i_icon_fontawesome=&#8221;fas fa-cloud-download-alt&#8221; add_icon=&#8221;true&#8221; title=&#8221;2024&#8243; tab_id=&#8221;1744203383886-967a80b7-bea6&#8243;]<div class=\"uavc-list-icon uavc-list-icon-wrapper ult-adjust-bottom-margin   vc_custom_1623332436194  vc_custom_1623332436194\"><ul class=\"uavc-list\"><li><div class=\"uavc-list-content\" id=\"list-icon-wrap-4848\">\n<div class=\"uavc-list-icon  \" data-animation=\"\" data-animation-delay=\"03\" style=\"margin-right:5px;\"><div class=\"ult-just-icon-wrapper  \"><div class=\"align-icon\" style=\"text-align:center;\">\n<div class=\"aio-icon-img \" style=\"font-size:20px;display:inline-block;\" >\n\t<img class=\"img-icon\" alt=\"null\" src=\"https:\/\/ipremaspasia.sp.gov.br\/wp-content\/uploads\/2021\/09\/o-icone-do-pdf-simbolo-do-formato-de-arquivo-liso-79378926.jpg\"\/>\n<\/div><\/div><\/div>\n<\/div><span  data-ultimate-target='#list-icon-wrap-4848 .uavc-list-desc'  data-responsive-json-new='{\"font-size\":\"\",\"line-height\":\"\"}'  class=\"uavc-list-desc ult-responsive\" style=\"\"><a href=\"http:\/\/ipremaspasia.sp.gov.br\/wp-content\/uploads\/2024\/09\/Adjudicacao-e-homologacao-Dispensa-001-2024.pdf\">Adjudica\u00e7\u00e3o e homologa\u00e7\u00e3o &#8211; Dispensa 001-2024<\/a><\/p>\n<p><a href=\"http:\/\/ipremaspasia.sp.gov.br\/wp-content\/uploads\/2024\/09\/Adjudicacao-e-homologacao-Dispensa-002-2024.pdf\">Adjudica\u00e7\u00e3o e homologa\u00e7\u00e3o &#8211; Dispensa 002-2024<\/a><\/p>\n<p><a href=\"http:\/\/ipremaspasia.sp.gov.br\/wp-content\/uploads\/2024\/09\/Adjudicacao-e-homologacao-Dispensa-003-2024.pdf\">Adjudica\u00e7\u00e3o e homologa\u00e7\u00e3o &#8211; Dispensa 003-2024<\/a><\/p>\n<p><a href=\"http:\/\/ipremaspasia.sp.gov.br\/wp-content\/uploads\/2024\/12\/Adjudicacao-e-Homologacao-Dispensa-004-2024.pdf\">Adjudica\u00e7\u00e3o e Homologa\u00e7\u00e3o &#8211; Dispensa 004-2024<\/a><\/span><\/div><\/li><\/ul><\/div>[\/vc_tta_section][vc_tta_section i_icon_fontawesome=&#8221;fas fa-cloud-download-alt&#8221; add_icon=&#8221;true&#8221; title=&#8221;2023&#8243; tab_id=&#8221;1721929096820-cb2a5da9-c7c7&#8243;]<div class=\"uavc-list-icon uavc-list-icon-wrapper ult-adjust-bottom-margin   vc_custom_1623332436194  vc_custom_1623332436194\"><ul class=\"uavc-list\"><li><div class=\"uavc-list-content\" id=\"list-icon-wrap-7184\">\n<div class=\"uavc-list-icon  \" data-animation=\"\" data-animation-delay=\"03\" style=\"margin-right:5px;\"><div class=\"ult-just-icon-wrapper  \"><div class=\"align-icon\" style=\"text-align:center;\">\n<div class=\"aio-icon-img \" style=\"font-size:20px;display:inline-block;\" >\n\t<img class=\"img-icon\" alt=\"null\" src=\"https:\/\/ipremaspasia.sp.gov.br\/wp-content\/uploads\/2021\/09\/o-icone-do-pdf-simbolo-do-formato-de-arquivo-liso-79378926.jpg\"\/>\n<\/div><\/div><\/div>\n<\/div><span  data-ultimate-target='#list-icon-wrap-7184 .uavc-list-desc'  data-responsive-json-new='{\"font-size\":\"\",\"line-height\":\"\"}'  class=\"uavc-list-desc ult-responsive\" style=\"\"><a href=\"http:\/\/ipremaspasia.sp.gov.br\/wp-content\/uploads\/2023\/03\/HOMOLOGACAO-CONVITE-001-2023.pdf\">HOMOLOGA\u00c7\u00c3O &#8211; CONVITE 001-2023<\/a><\/span><\/div><\/li><\/ul><\/div>[\/vc_tta_section][vc_tta_section i_icon_fontawesome=&#8221;fas fa-cloud-download-alt&#8221; add_icon=&#8221;true&#8221; title=&#8221;2021&#8243; tab_id=&#8221;1679059770188-e006e05b-d165&#8243;]<div class=\"uavc-list-icon uavc-list-icon-wrapper ult-adjust-bottom-margin   vc_custom_1623332436194  vc_custom_1623332436194\"><ul class=\"uavc-list\"><li><div class=\"uavc-list-content\" id=\"list-icon-wrap-1254\">\n<div class=\"uavc-list-icon  \" data-animation=\"\" data-animation-delay=\"03\" style=\"margin-right:5px;\"><div class=\"ult-just-icon-wrapper  \"><div class=\"align-icon\" style=\"text-align:center;\">\n<div class=\"aio-icon-img \" style=\"font-size:20px;display:inline-block;\" >\n\t<img class=\"img-icon\" alt=\"null\" src=\"https:\/\/ipremaspasia.sp.gov.br\/wp-content\/uploads\/2021\/09\/o-icone-do-pdf-simbolo-do-formato-de-arquivo-liso-79378926.jpg\"\/>\n<\/div><\/div><\/div>\n<\/div><span  data-ultimate-target='#list-icon-wrap-1254 .uavc-list-desc'  data-responsive-json-new='{\"font-size\":\"\",\"line-height\":\"\"}'  class=\"uavc-list-desc ult-responsive\" style=\"\"><a href=\"http:\/\/ipremaspasia.sp.gov.br\/wp-content\/uploads\/2023\/03\/Homologacao-Convite-001-2021.pdf\">Homologa\u00e7\u00e3o &#8211; Convite 001-2021<\/a><a href=\"http:\/\/ipremaspasia.sp.gov.br\/wp-content\/uploads\/2023\/03\/Homologacao-Convite-003-2021.pdf\">Homologa\u00e7\u00e3o &#8211; Convite 003-2021<\/a><\/span><\/div><\/li><\/ul><\/div>[\/vc_tta_section][vc_tta_section i_icon_fontawesome=&#8221;fas fa-cloud-download-alt&#8221; add_icon=&#8221;true&#8221; title=&#8221;2020&#8243; tab_id=&#8221;1634151310631-e90bb3ed-fe38&#8243;]<div class=\"uavc-list-icon uavc-list-icon-wrapper ult-adjust-bottom-margin   vc_custom_1623332436194  vc_custom_1623332436194\"><ul class=\"uavc-list\"><li><div class=\"uavc-list-content\" id=\"list-icon-wrap-9317\">\n<div class=\"uavc-list-icon  \" data-animation=\"\" data-animation-delay=\"03\" style=\"margin-right:5px;\"><div class=\"ult-just-icon-wrapper  \"><div class=\"align-icon\" style=\"text-align:center;\">\n<div class=\"aio-icon-img \" style=\"font-size:20px;display:inline-block;\" >\n\t<img class=\"img-icon\" alt=\"null\" src=\"https:\/\/ipremaspasia.sp.gov.br\/wp-content\/uploads\/2021\/09\/o-icone-do-pdf-simbolo-do-formato-de-arquivo-liso-79378926.jpg\"\/>\n<\/div><\/div><\/div>\n<\/div><span  data-ultimate-target='#list-icon-wrap-9317 .uavc-list-desc'  data-responsive-json-new='{\"font-size\":\"\",\"line-height\":\"\"}'  class=\"uavc-list-desc ult-responsive\" style=\"\"><\/span><\/div><\/li><\/ul><\/div>[\/vc_tta_section][vc_tta_section i_icon_fontawesome=&#8221;fas fa-cloud-download-alt&#8221; add_icon=&#8221;true&#8221; title=&#8221;2017&#8243; tab_id=&#8221;1634151308436-739ecf41-a59f&#8221;]<div class=\"uavc-list-icon uavc-list-icon-wrapper ult-adjust-bottom-margin   vc_custom_1623332436194  vc_custom_1623332436194\"><ul class=\"uavc-list\"><li><div class=\"uavc-list-content\" id=\"list-icon-wrap-5353\">\n<div class=\"uavc-list-icon  \" data-animation=\"\" data-animation-delay=\"03\" style=\"margin-right:5px;\"><div class=\"ult-just-icon-wrapper  \"><div class=\"align-icon\" style=\"text-align:center;\">\n<div class=\"aio-icon-img \" style=\"font-size:20px;display:inline-block;\" >\n\t<img class=\"img-icon\" alt=\"null\" src=\"https:\/\/ipremaspasia.sp.gov.br\/wp-content\/uploads\/2021\/09\/Avaliacao-Atuarial-2020-ANOMES-BASE-DEZEMBRO2019-\u2013-EXERCICIO-2020-1-pdf.jpg\"\/>\n<\/div><\/div><\/div>\n<\/div><span  data-ultimate-target='#list-icon-wrap-5353 .uavc-list-desc'  data-responsive-json-new='{\"font-size\":\"\",\"line-height\":\"\"}'  class=\"uavc-list-desc ult-responsive\" style=\"\"><a href=\"http:\/\/ipremaspasia.sp.gov.br\/wp-content\/uploads\/2023\/03\/Homologacao-Convite-001-2017.pdf\">Homologa\u00e7\u00e3o &#8211; Convite 001-2017<\/a><\/p>\n<p><a href=\"http:\/\/ipremaspasia.sp.gov.br\/wp-content\/uploads\/2023\/03\/Homologacao-Convite-002-2017.pdf\">Homologa\u00e7\u00e3o &#8211; Convite 002-2017<\/a><\/span><\/div><\/li><\/ul><\/div>[\/vc_tta_section][\/vc_tta_tabs][\/vc_column][\/vc_row]<\/p>\n","protected":false},"excerpt":{"rendered":"<p>[vc_row][vc_column][vc_column_text]O que \u00e9\u00a0homologa\u00e7\u00e3o? Em um contexto geral,\u00a0homologa\u00e7\u00e3o\u00a0(o ato de\u00a0homologar), tem a ver com a comprova\u00e7\u00e3o de um ato oficial. O termo \u00e9 relacionado \u00e0 \u00e1rea jur\u00eddica e usa-se, por exemplo, em auditorias para aprovar ou confirmar a valida\u00e7\u00e3o de erros identificados no processo.[\/vc_column_text][vc_tta_tabs][vc_tta_section i_icon_fontawesome=&#8221;fas fa-cloud-download-alt&#8221; add_icon=&#8221;true&#8221; title=&#8221;2026&#8243; tab_id=&#8221;1554814828143-c63e11bb-b1f2&#8243;][\/vc_tta_section][vc_tta_section i_icon_fontawesome=&#8221;fas fa-cloud-download-alt&#8221; add_icon=&#8221;true&#8221; title=&#8221;2025&#8243; tab_id=&#8221;1770638973098-a27c65c4-3180&#8243;][\/vc_tta_section][vc_tta_section i_icon_fontawesome=&#8221;fas fa-cloud-download-alt&#8221;&hellip;<\/p>\n","protected":false},"author":3,"featured_media":0,"parent":0,"menu_order":0,"comment_status":"closed","ping_status":"closed","template":"","meta":{"_monsterinsights_skip_tracking":false,"_monsterinsights_sitenote_active":false,"_monsterinsights_sitenote_note":"","_monsterinsights_sitenote_category":0},"_links":{"self":[{"href":"https:\/\/ipremaspasia.sp.gov.br\/index.php\/wp-json\/wp\/v2\/pages\/4100"}],"collection":[{"href":"https:\/\/ipremaspasia.sp.gov.br\/index.php\/wp-json\/wp\/v2\/pages"}],"about":[{"href":"https:\/\/ipremaspasia.sp.gov.br\/index.php\/wp-json\/wp\/v2\/types\/page"}],"author":[{"embeddable":true,"href":"https:\/\/ipremaspasia.sp.gov.br\/index.php\/wp-json\/wp\/v2\/users\/3"}],"replies":[{"embeddable":true,"href":"https:\/\/ipremaspasia.sp.gov.br\/index.php\/wp-json\/wp\/v2\/comments?post=4100"}],"version-history":[{"count":17,"href":"https:\/\/ipremaspasia.sp.gov.br\/index.php\/wp-json\/wp\/v2\/pages\/4100\/revisions"}],"predecessor-version":[{"id":5522,"href":"https:\/\/ipremaspasia.sp.gov.br\/index.php\/wp-json\/wp\/v2\/pages\/4100\/revisions\/5522"}],"wp:attachment":[{"href":"https:\/\/ipremaspasia.sp.gov.br\/index.php\/wp-json\/wp\/v2\/media?parent=4100"}],"curies":[{"name":"wp","href":"https:\/\/api.w.org\/{rel}","templated":true}]}}